 of 16094516?
0
What is the units digit of 1019145?
5
What is the hundreds digit of 3578620?
6
What is the tens digit of 33680?
8
What is the hundreds digit of 112765?
7
What is the hundred thousands digit of 247254?
2
What is the hundreds digit of 3398010?
0
What is the hundred thousands digit of 340455?
3
What is the hundreds digit of 505941?
9
What is the ten thousands digit of 21417813?
1
What is the hundred thousands digit of 17713238?
7
What is the thousands digit of 2612745?
2
What is the hundreds digit of 214787?
7
What is the ten thousands digit of 72368?
7
What is the hundred thousands digit of 25921353?
9
What is the hundreds digit of 14951366?
3
What is the units digit of 5264?
4
What is the tens digit of 52384?
8
What is the ten millions digit of 11330656?
1
What is the thousands digit of 176136?
6
What is the millions digit of 1345024?
1
What is the hundred thousands digit of 494135?
4
What is the units digit of 556553?
3
What is the hundred thousands digit of 1435027?
4
What is the hundred thousands digit of 1107116?
1
What is the hundreds digit of 1463474?
4
What is the hundred thousands digit of 3147033?
1
What is the thousands digit of 14115971?
5
What is the hundreds digit of 1766458?
4
What is the thousands digit of 66258?
6
What is the thousands digit of 2457179?
7
What is the hundred thousands digit of 1239489?
2
What is the tens digit of 313153?
5
What is the hundreds digit of 660769?
7
What is the hundreds digit of 1541175?
1
What is the ten thousands digit of 7009810?
0
What is the thousands digit of 1010989?
0
What is the thousands digit of 1239586?
9
What is the hundreds digit of 7857903?
9
What is the hundreds digit of 644535?
5
What is the hundred thousands digit of 976007?
9
What is the ten thousands digit of 473974?
7
What is the millions digit of 16330746?
6
What is the hundreds digit of 620286?
2
What is the hundreds digit of 820079?
0
What is the thousands digit of 104041?
4
What is the hundred thousands digit of 260726?
2
What is the ten thousands digit of 1030517?
3
What is the thousands digit of 709545?
9
What is the hundred thousands digit of 1202046?
2
What is the tens digit of 6449882?
8
What is the millions digit of 1015008?
1
What is the hundred thousands digit of 932166?
9
What is the tens digit of 10588392?
9
What is the hundreds digit of 758151?
1
What is the ten thousands digit of 1299172?
9
What is the thousands digit of 942117?
2
What is the ten thousands digit of 516353?
1
What is the units digit of 831911?
1
What is the units digit of 1468824?
4
What is the thousands digit of 7818649?
8
What is the thousands digit of 40015?
0
What is the hundreds digit of 7203?
2
What is the hundreds digit of 2218413?
4
What is the thousands digit of 330931?
0
What is the hundreds digit of 3762883?
8
What is the units digit of 68686?
6
What is the thousands digit of 17531024?
1
What is the millions digit of 20321604?
0
What is the units digit of 303426?
6
What is the hundred thousands digit of 270871?
2
What is the tens digit of 372266?
6
What is the tens digit of 291057?
5
What is the hundreds digit of 603604?
6
What is the hundred thousands digit of 7245224?
2
What is the millions digit of 2435444?
2
What is the thousands digit of 2356552?
6
What is the tens digit of 139142?
4
What is the hundred thousands digit of 5256505?
2
What is the tens digit of 400640?
4
What is the ten thousands digit of 731758?
3
What is the millions digit of 1991895?
1
What is the ten thousands digit of 28508?
2
What is the units digit of 4157310?
0
What is the hundreds digit of 22818253?
2
What is the thousands digit of 44106369?
6
What is the hundred thousands digit of 3340868?
3
What is the tens digit of 21664359?
5
What is the ten thousands digit of 3439060?
3
What is the thousands digit of 460264?
0
What is the ten thousands digit of 296753?
9
What is the hundred thousands digit of 2917413?
9
What is the hundreds digit of 798400?
4
What is the tens digit of 22540094?
9
What is the units digit of 86325?
5
What is the hundred thousands digit of 1464846?
4
What is the tens digit of 683911?
1
What is the hundred thousands digit of 3963985?
9
What is the millions digit of 7075327?
7
What is the ten thousands digit of 1031094?
3
What is the ten thousands digit of 3576160?
7
What is the units digit of 4649855?
5
What is the hundred thousands digit of 114426?
1
What is the hundreds digit of 15846?
8
What is the thousands digit of 430991?
0
What is the ten thousands digit of 55990?
5
What is the hundreds digit of 19247616?
6
What is the ten thousands digit of 13592764?
9
What is the tens digit of 3369542?
4
What is the tens digit of 3169082?
8
What is the hundreds digit of 20048147?
1
What is the hundred thousands digit of 377610?
3
What is the ten millions digit of 14344297?
1
What is the hundred thousands digit of 175710?
1
What is the hundreds digit of 349250?
2
What is the units digit of 72382?
2
What is the units digit of 1340295?
5
What is the ten thousands digit of 2162414?
6
What is the hundreds digit of 198175?
1
What is the units digit of 351588?
8
What is the hundred thousands digit of 28136481?
1
What is the ten thousands digit of 595925?
9
What is the thousands digit of 203599?
3
What is the units digit of 15492?
2
What is the hundred thousands digit of 217531?
2
What is the hundreds digit of 263780?
7
What is the units digit of 755482?
2
What is the thousands digit of 1757971?
7
What is the millions digit of 4786172?
4
What is the millions digit of 8213076?
8
What is the ten thousands digit of 5380195?
8
What is the ten thousands digit of 26137?
2
What is the ten thousands digit of 659864?
5
What is the tens digit of 4687877?
7
What is the hundred thousands digit of 7982343?
9
What is the tens digit of 467101?
0
What is the ten thousands digit of 1038182?
3
What is the units digit of 7017516?
6
What is the ten thousands digit of 3232293?
3
What is the hundred thousands digit of 8528216?
5
What is the units digit of 30405476?
6
What is the hundreds digit of 1701416?
4
What is the hundreds digit of 87661?
6
What is the units digit of 810922?
2
What is the tens digit of 64411?
1
What is the units digit of 1144448?
8
What is the thousands digit of 246381?
6
What is the hundred thousands digit of 7150645?
1
What is the hundreds digit of 163554?
5
What is the units digit of 40174252?
2
What is the hundreds digit of 773614?
6
What is the millions digit of 10750269?
0
What is the units digit of 227712?
2
What is the hundreds digit of 6962018?
0
What is the hundreds digit of 2152657?
6
What is the units digit of 453490?
0
What is the hundreds digit of 4544279?
2
What is the thousands digit of 8434693?
4
What is the hundreds digit of 1592?
5
What is the tens digit of 102586?
8
What is the units digit of 446544?
4
What is the tens digit of 3681193?
9
What is the millions digit of 1162084?
1
What is the units digit of 109077?
7
What is the units digit of 8843563?
3
What is the ten thousands digit of 137693?
3
What is the thousands digit of 1095512?
5
What is the millions digit of 11339068?
1
What is the tens digit of 184788?
8
What is the units digit of 2205013?
3
What is the hundred thousands digit of 2654919?
6
What is the millions digit of 1938994?
1
What is the thousands digit of 356796?
6
What is the hundred thousands digit of 3130020?
1
What is the ten thousands digit of 15371?
1
What is the hundreds digit of 540152?
1
What is the thousands digit of 2474437?
4
What is the hundred thousands digit of 11315264?
3
What is the hundred thousands digit of 371415?
3
What is the hundreds digit of 1840518?
5
What is the units digit of 1080298?
8
What is the millions digit of 1420534?
1
What is the millions digit of 1634737?
1
What is the thousands digit of 799142?
9
What is the ten thousands digit of 140152?
4
What is the tens digit of 1328159?
5
What is the thousands digit of 17162112?
2
What is the thousands digit of 53261?
3
What is the hundred thousands digit of 7720197?
7
What is the ten millions digit of 14364771?
1
What is the units digit of 129061?
1
What is the hundred thousands digit of 1320185?
3
What is the ten thousands digit of 229024?
2
What is the tens digit of 1844319?
1
What is the thousands digit of 11023362?
3
Wha